{"id":59,"date":"2024-02-19T22:34:21","date_gmt":"2024-02-19T21:34:21","guid":{"rendered":"https:\/\/rudyrydz.bieszczady.pl\/?page_id=59"},"modified":"2026-01-26T12:38:09","modified_gmt":"2026-01-26T11:38:09","slug":"cennik","status":"publish","type":"page","link":"https:\/\/rudyrydz.bieszczady.pl\/index.php\/cennik\/","title":{"rendered":"Cennik"},"content":{"rendered":"\n<p class=\"has-small-font-size\">4\/5 os\u00f3b &#8211; 400 z\u0142 doba<\/p>\n\n\n\n<p class=\"has-small-font-size\">3 osoby &#8211; 350 z\u0142 doba<\/p>\n\n\n\n<p class=\"has-small-font-size\">2 osoby &#8211; 300 z\u0142 doba<\/p>\n\n\n\n<p class=\"has-small-font-size\">1 osoba &#8211; 300 z\u0142 doba<\/p>\n\n\n\n<p class=\"has-small-font-size\">Dzieci do 2-go roku \u017cycia bezp\u0142atnie<\/p>\n\n\n\n<p class=\"has-small-font-size\">Zwierz\u0119ta domowe dodatkowo p\u0142atne 100 z\u0142. za ca\u0142y pobyt<\/p>\n\n\n\n<p class=\"has-small-font-size\">Dodatkowe drewno na ognisko lub do kominka 20l &#8211; 30 z\u0142<\/p>\n\n\n\n<p class=\"has-small-font-size\"><\/p>\n\n\n\n<p class=\"has-small-font-size\"><strong>Warunki rezerwacji i pobytu.<\/strong><\/p>\n\n\n\n<p class=\"has-small-font-size\">Rezerwacj\u0119 mo\u017cna dokona\u0107 dzwoni\u0105c b\u0105d\u017a poprzez SMS-a.<\/p>\n\n\n\n<p class=\"has-small-font-size\">Op\u0142at\u0119 za rezerwacj\u0119 w wysoko\u015bci r\u00f3wnowarto\u015bci jednej doby pobytu prosimy wp\u0142aca\u0107 przelewem na rachunek bankowy nr 12 1240 2340 1111 0011 0299 9122<\/p>\n\n\n\n<p class=\"has-small-font-size\"><strong>Uwaga, rezerwacja jest wi\u0105\u017c\u0105ca dopiero po zaksi\u0119gowaniu si\u0119 przelewu.<\/strong><\/p>\n\n\n\n<p class=\"has-small-font-size\">Op\u0142aty dodatkowe b\u0105d\u017a op\u0142ata za pobyt mo\u017cliwa jest r\u00f3wnie\u017c w dniu przyjazdu got\u00f3wk\u0105, szybkim przelewem na telefon b\u0105d\u017a BLIK-iem po wcze\u015bniejszym uzgodnieniu warunk\u00f3w.<\/p>\n\n\n\n<p class=\"has-small-font-size\"><strong>Doba hotelowa.<\/strong><\/p>\n\n\n\n<p class=\"has-small-font-size\">Zameldowanie:Od 14.00 do 21.00 (prosimy o podanie godziny zameldowania)<\/p>\n\n\n\n<p class=\"has-small-font-size\">Wymeldowanie: Od 10.00 do 12.00<\/p>\n\n\n\n<p class=\"has-small-font-size\"><strong>Odbi\u00f3r kluczy.<\/strong><\/p>\n\n\n\n<p class=\"has-small-font-size\">Klucze znajduj\u0105 si\u0119 w skrytce na klucze przy drzwiach chronine kodem, kt\u00f3ry zostanie podany w dniu zameldowania<\/p>\n\n\n\n<p><\/p>\n","protected":false},"excerpt":{"rendered":"<p>4\/5 os\u00f3b &#8211; 400 z\u0142 doba 3 osoby &#8211; 350 z\u0142 doba 2 osoby &#8211; 300 z\u0142 doba 1 osoba &#8211; 300 z\u0142 doba Dzieci do 2-go roku \u017cycia bezp\u0142atnie Zwierz\u0119ta domowe dodatkowo p\u0142atne 100 z\u0142. za ca\u0142y pobyt Dodatkowe drewno na ognisko lub do kominka 20l &#8211; 30 z\u0142 Warunki rezerwacji i pobytu. Rezerwacj\u0119 &hellip; <\/p>\n<p class=\"link-more\"><a href=\"https:\/\/rudyrydz.bieszczady.pl\/index.php\/cennik\/\" class=\"more-link\">Czytaj dalej<span class=\"screen-reader-text\"> \u201eCennik\u201d<\/span><\/a><\/p>\n","protected":false},"author":1,"featured_media":74,"parent":0,"menu_order":0,"comment_status":"closed","ping_status":"closed","template":"","meta":{"om_disable_all_campaigns":false,"_monsterinsights_skip_tracking":false,"_monsterinsights_sitenote_active":false,"_monsterinsights_sitenote_note":"","_monsterinsights_sitenote_category":0,"footnotes":""},"class_list":["post-59","page","type-page","status-publish","has-post-thumbnail","hentry"],"aioseo_notices":[],"_links":{"self":[{"href":"https:\/\/rudyrydz.bieszczady.pl\/index.php\/wp-json\/wp\/v2\/pages\/59","targetHints":{"allow":["GET"]}}],"collection":[{"href":"https:\/\/rudyrydz.bieszczady.pl\/index.php\/wp-json\/wp\/v2\/pages"}],"about":[{"href":"https:\/\/rudyrydz.bieszczady.pl\/index.php\/wp-json\/wp\/v2\/types\/page"}],"author":[{"embeddable":true,"href":"https:\/\/rudyrydz.bieszczady.pl\/index.php\/wp-json\/wp\/v2\/users\/1"}],"replies":[{"embeddable":true,"href":"https:\/\/rudyrydz.bieszczady.pl\/index.php\/wp-json\/wp\/v2\/comments?post=59"}],"version-history":[{"count":4,"href":"https:\/\/rudyrydz.bieszczady.pl\/index.php\/wp-json\/wp\/v2\/pages\/59\/revisions"}],"predecessor-version":[{"id":160,"href":"https:\/\/rudyrydz.bieszczady.pl\/index.php\/wp-json\/wp\/v2\/pages\/59\/revisions\/160"}],"wp:featuredmedia":[{"embeddable":true,"href":"https:\/\/rudyrydz.bieszczady.pl\/index.php\/wp-json\/wp\/v2\/media\/74"}],"wp:attachment":[{"href":"https:\/\/rudyrydz.bieszczady.pl\/index.php\/wp-json\/wp\/v2\/media?parent=59"}],"curies":[{"name":"wp","href":"https:\/\/api.w.org\/{rel}","templated":true}]}}